{"id":324,"date":"2019-09-11T15:27:46","date_gmt":"2019-09-11T12:27:46","guid":{"rendered":"https:\/\/oguzhanoto.com.tr\/?page_id=324"},"modified":"2019-10-24T12:22:32","modified_gmt":"2019-10-24T09:22:32","slug":"calismalarimiz","status":"publish","type":"page","link":"https:\/\/oguzhanoto.com.tr\/index.php\/calismalarimiz\/","title":{"rendered":"\u00c7al\u0131\u015fmalar\u0131m\u0131z"},"content":{"rendered":"  <div id=\"page-header-1245549727\" class=\"page-header-wrapper\">\n  <div class=\"page-title dark featured-title\">\n\n        <div class=\"page-title-bg\">\n      <div class=\"title-bg fill bg-fill\"\n        data-parallax-container=\".page-title\"\n        data-parallax-background\n        data-parallax=\"-\">\n      <\/div>\n      <div class=\"title-overlay fill\"><\/div>\n    <\/div>\n    \n    <div class=\"page-title-inner container align-center flex-row medium-flex-wrap row-reverse\" >\n              <div class=\"title-wrapper flex-col text-right medium-text-center\">\n          <h1 class=\"entry-title mb-0\">\n            \u00c7al\u0131\u015fmalar\u0131m\u0131z          <\/h1>\n        <\/div>\n                    <div class=\"title-content flex-col flex-left text-left medium-text-center\">\n        <div class=\"title-breadcrumbs pb-half pt-half\"><\/div>      <\/div>\n    <\/div>\n\n     \n<style>\n#page-header-1245549727 .title-bg {\n  background-image: url(https:\/\/oguzhanoto.com.tr\/wp-content\/uploads\/2019\/09\/Ba\u015fl\u0131ks\u0131z-1-1.png);\n}\n<\/style>\n  <\/div>\n    <\/div>\n  \n\n\t<section class=\"section\" id=\"section_815731672\">\n\t\t<div class=\"section-bg fill\" >\n\t\t\t\t\t\t\t\t\t\n\t\t\t\n\n\t\t<\/div>\n\n\t\t\n\n\t\t<div class=\"section-content relative\">\n\t\t\t\n<div class=\"row\"  id=\"row-1182655781\">\n\n\t<div id=\"col-1344696013\" class=\"col small-12 large-12\"  >\n\t\t\t\t<div class=\"col-inner\"  >\n\t\t\t\n\t\t\t\n\t<div class=\"img has-hover x md-x lg-x y md-y lg-y\" id=\"image_242037452\">\n\t\t\t\t\t\t\t\t<div class=\"img-inner dark\" >\n\t\t\t<img loading=\"lazy\" decoding=\"async\" width=\"1920\" height=\"1080\" src=\"https:\/\/oguzhanoto.com.tr\/wp-content\/uploads\/2019\/09\/arac-1.jpg\" class=\"attachment-original size-original\" alt=\"\" srcset=\"https:\/\/oguzhanoto.com.tr\/wp-content\/uploads\/2019\/09\/arac-1.jpg 1920w, https:\/\/oguzhanoto.com.tr\/wp-content\/uploads\/2019\/09\/arac-1-300x169.jpg 300w, https:\/\/oguzhanoto.com.tr\/wp-content\/uploads\/2019\/09\/arac-1-768x432.jpg 768w, https:\/\/oguzhanoto.com.tr\/wp-content\/uploads\/2019\/09\/arac-1-1024x576.jpg 1024w\" sizes=\"auto, (max-width: 1920px) 100vw, 1920px\" \/>\t\t\t\t\t\t\n\t\t\t\t\t<\/div>\n\t\t\t\t\t\t\t\t\n<style>\n#image_242037452 {\n  width: 100%;\n}\n<\/style>\n\t<\/div>\n\t\n\t\t<\/div>\n\t\t\t\t\t<\/div>\n\n\t\n\n\t<div id=\"col-921948014\" class=\"col small-12 large-12\"  >\n\t\t\t\t<div class=\"col-inner\"  >\n\t\t\t\n\t\t\t\n\t<div class=\"img has-hover x md-x lg-x y md-y lg-y\" id=\"image_320269533\">\n\t\t\t\t\t\t\t\t<div class=\"img-inner dark\" >\n\t\t\t<img loading=\"lazy\" decoding=\"async\" width=\"1920\" height=\"1080\" src=\"https:\/\/oguzhanoto.com.tr\/wp-content\/uploads\/2019\/09\/arac-2-1.jpg\" class=\"attachment-original size-original\" alt=\"\" srcset=\"https:\/\/oguzhanoto.com.tr\/wp-content\/uploads\/2019\/09\/arac-2-1.jpg 1920w, https:\/\/oguzhanoto.com.tr\/wp-content\/uploads\/2019\/09\/arac-2-1-300x169.jpg 300w, https:\/\/oguzhanoto.com.tr\/wp-content\/uploads\/2019\/09\/arac-2-1-768x432.jpg 768w, https:\/\/oguzhanoto.com.tr\/wp-content\/uploads\/2019\/09\/arac-2-1-1024x576.jpg 1024w\" sizes=\"auto, (max-width: 1920px) 100vw, 1920px\" \/>\t\t\t\t\t\t\n\t\t\t\t\t<\/div>\n\t\t\t\t\t\t\t\t\n<style>\n#image_320269533 {\n  width: 100%;\n}\n<\/style>\n\t<\/div>\n\t\n\t\t<\/div>\n\t\t\t\t\t<\/div>\n\n\t\n\n\t<div id=\"col-2133627762\" class=\"col small-12 large-12\"  >\n\t\t\t\t<div class=\"col-inner\"  >\n\t\t\t\n\t\t\t\n\t<div class=\"img has-hover x md-x lg-x y md-y lg-y\" id=\"image_247529970\">\n\t\t\t\t\t\t\t\t<div class=\"img-inner dark\" >\n\t\t\t<img loading=\"lazy\" decoding=\"async\" width=\"1920\" height=\"1080\" src=\"https:\/\/oguzhanoto.com.tr\/wp-content\/uploads\/2019\/09\/arac-3-1.jpg\" class=\"attachment-original size-original\" alt=\"\" srcset=\"https:\/\/oguzhanoto.com.tr\/wp-content\/uploads\/2019\/09\/arac-3-1.jpg 1920w, https:\/\/oguzhanoto.com.tr\/wp-content\/uploads\/2019\/09\/arac-3-1-300x169.jpg 300w, https:\/\/oguzhanoto.com.tr\/wp-content\/uploads\/2019\/09\/arac-3-1-768x432.jpg 768w, https:\/\/oguzhanoto.com.tr\/wp-content\/uploads\/2019\/09\/arac-3-1-1024x576.jpg 1024w\" sizes=\"auto, (max-width: 1920px) 100vw, 1920px\" \/>\t\t\t\t\t\t\n\t\t\t\t\t<\/div>\n\t\t\t\t\t\t\t\t\n<style>\n#image_247529970 {\n  width: 100%;\n}\n<\/style>\n\t<\/div>\n\t\n\t\t<\/div>\n\t\t\t\t\t<\/div>\n\n\t\n\n\t<div id=\"col-912154191\" class=\"col small-12 large-12\"  >\n\t\t\t\t<div class=\"col-inner\"  >\n\t\t\t\n\t\t\t\n\t<div class=\"img has-hover x md-x lg-x y md-y lg-y\" id=\"image_1066424130\">\n\t\t\t\t\t\t\t\t<div class=\"img-inner dark\" >\n\t\t\t<img loading=\"lazy\" decoding=\"async\" width=\"1920\" height=\"1080\" src=\"https:\/\/oguzhanoto.com.tr\/wp-content\/uploads\/2019\/09\/arac-4.jpg\" class=\"attachment-original size-original\" alt=\"\" srcset=\"https:\/\/oguzhanoto.com.tr\/wp-content\/uploads\/2019\/09\/arac-4.jpg 1920w, https:\/\/oguzhanoto.com.tr\/wp-content\/uploads\/2019\/09\/arac-4-300x169.jpg 300w, https:\/\/oguzhanoto.com.tr\/wp-content\/uploads\/2019\/09\/arac-4-768x432.jpg 768w, https:\/\/oguzhanoto.com.tr\/wp-content\/uploads\/2019\/09\/arac-4-1024x576.jpg 1024w\" sizes=\"auto, (max-width: 1920px) 100vw, 1920px\" \/>\t\t\t\t\t\t\n\t\t\t\t\t<\/div>\n\t\t\t\t\t\t\t\t\n<style>\n#image_1066424130 {\n  width: 100%;\n}\n<\/style>\n\t<\/div>\n\t\n\t\t<\/div>\n\t\t\t\t\t<\/div>\n\n\t\n\n\t<div id=\"col-158813295\" class=\"col small-12 large-12\"  >\n\t\t\t\t<div class=\"col-inner\"  >\n\t\t\t\n\t\t\t\n\t<div class=\"img has-hover x md-x lg-x y md-y lg-y\" id=\"image_1357660081\">\n\t\t\t\t\t\t\t\t<div class=\"img-inner dark\" >\n\t\t\t<img loading=\"lazy\" decoding=\"async\" width=\"1920\" height=\"1080\" src=\"https:\/\/oguzhanoto.com.tr\/wp-content\/uploads\/2019\/09\/arac-5-1.jpg\" class=\"attachment-original size-original\" alt=\"\" srcset=\"https:\/\/oguzhanoto.com.tr\/wp-content\/uploads\/2019\/09\/arac-5-1.jpg 1920w, https:\/\/oguzhanoto.com.tr\/wp-content\/uploads\/2019\/09\/arac-5-1-300x169.jpg 300w, https:\/\/oguzhanoto.com.tr\/wp-content\/uploads\/2019\/09\/arac-5-1-768x432.jpg 768w, https:\/\/oguzhanoto.com.tr\/wp-content\/uploads\/2019\/09\/arac-5-1-1024x576.jpg 1024w\" sizes=\"auto, (max-width: 1920px) 100vw, 1920px\" \/>\t\t\t\t\t\t\n\t\t\t\t\t<\/div>\n\t\t\t\t\t\t\t\t\n<style>\n#image_1357660081 {\n  width: 100%;\n}\n<\/style>\n\t<\/div>\n\t\n\t<div class=\"img has-hover x md-x lg-x y md-y lg-y\" id=\"image_1292150150\">\n\t\t\t\t\t\t\t\t<div class=\"img-inner dark\" >\n\t\t\t<img loading=\"lazy\" decoding=\"async\" width=\"1920\" height=\"1080\" src=\"https:\/\/oguzhanoto.com.tr\/wp-content\/uploads\/2019\/09\/arac-5-2.jpg\" class=\"attachment-original size-original\" alt=\"\" srcset=\"https:\/\/oguzhanoto.com.tr\/wp-content\/uploads\/2019\/09\/arac-5-2.jpg 1920w, https:\/\/oguzhanoto.com.tr\/wp-content\/uploads\/2019\/09\/arac-5-2-300x169.jpg 300w, https:\/\/oguzhanoto.com.tr\/wp-content\/uploads\/2019\/09\/arac-5-2-768x432.jpg 768w, https:\/\/oguzhanoto.com.tr\/wp-content\/uploads\/2019\/09\/arac-5-2-1024x576.jpg 1024w\" sizes=\"auto, (max-width: 1920px) 100vw, 1920px\" \/>\t\t\t\t\t\t\n\t\t\t\t\t<\/div>\n\t\t\t\t\t\t\t\t\n<style>\n#image_1292150150 {\n  width: 100%;\n}\n<\/style>\n\t<\/div>\n\t\n\t<div class=\"img has-hover x md-x lg-x y md-y lg-y\" id=\"image_220428790\">\n\t\t\t\t\t\t\t\t<div class=\"img-inner dark\" >\n\t\t\t<img loading=\"lazy\" decoding=\"async\" width=\"1920\" height=\"1080\" src=\"https:\/\/oguzhanoto.com.tr\/wp-content\/uploads\/2019\/09\/arac-7.jpg\" class=\"attachment-original size-original\" alt=\"\" srcset=\"https:\/\/oguzhanoto.com.tr\/wp-content\/uploads\/2019\/09\/arac-7.jpg 1920w, https:\/\/oguzhanoto.com.tr\/wp-content\/uploads\/2019\/09\/arac-7-300x169.jpg 300w, https:\/\/oguzhanoto.com.tr\/wp-content\/uploads\/2019\/09\/arac-7-768x432.jpg 768w, https:\/\/oguzhanoto.com.tr\/wp-content\/uploads\/2019\/09\/arac-7-1024x576.jpg 1024w\" sizes=\"auto, (max-width: 1920px) 100vw, 1920px\" \/>\t\t\t\t\t\t\n\t\t\t\t\t<\/div>\n\t\t\t\t\t\t\t\t\n<style>\n#image_220428790 {\n  width: 100%;\n}\n<\/style>\n\t<\/div>\n\t\n\t<div class=\"img has-hover x md-x lg-x y md-y lg-y\" id=\"image_846054072\">\n\t\t\t\t\t\t\t\t<div class=\"img-inner dark\" >\n\t\t\t<img loading=\"lazy\" decoding=\"async\" width=\"1920\" height=\"1080\" src=\"https:\/\/oguzhanoto.com.tr\/wp-content\/uploads\/2019\/10\/arac-res.jpg\" class=\"attachment-original size-original\" alt=\"\" srcset=\"https:\/\/oguzhanoto.com.tr\/wp-content\/uploads\/2019\/10\/arac-res.jpg 1920w, https:\/\/oguzhanoto.com.tr\/wp-content\/uploads\/2019\/10\/arac-res-300x169.jpg 300w, https:\/\/oguzhanoto.com.tr\/wp-content\/uploads\/2019\/10\/arac-res-768x432.jpg 768w, https:\/\/oguzhanoto.com.tr\/wp-content\/uploads\/2019\/10\/arac-res-1024x576.jpg 1024w\" sizes=\"auto, (max-width: 1920px) 100vw, 1920px\" \/>\t\t\t\t\t\t\n\t\t\t\t\t<\/div>\n\t\t\t\t\t\t\t\t\n<style>\n#image_846054072 {\n  width: 100%;\n}\n<\/style>\n\t<\/div>\n\t\n\t\t<\/div>\n\t\t\t\t\t<\/div>\n\n\t\n<\/div>\n\t\t<\/div>\n\n\t\t\n<style>\n#section_815731672 {\n  padding-top: 30px;\n  padding-bottom: 30px;\n}\n<\/style>\n\t<\/section>\n\t\n","protected":false},"excerpt":{"rendered":"","protected":false},"author":1,"featured_media":0,"parent":0,"menu_order":0,"comment_status":"closed","ping_status":"closed","template":"page-blank.php","meta":{"footnotes":""},"class_list":["post-324","page","type-page","status-publish","hentry"],"_links":{"self":[{"href":"https:\/\/oguzhanoto.com.tr\/index.php\/wp-json\/wp\/v2\/pages\/324","targetHints":{"allow":["GET"]}}],"collection":[{"href":"https:\/\/oguzhanoto.com.tr\/index.php\/wp-json\/wp\/v2\/pages"}],"about":[{"href":"https:\/\/oguzhanoto.com.tr\/index.php\/wp-json\/wp\/v2\/types\/page"}],"author":[{"embeddable":true,"href":"https:\/\/oguzhanoto.com.tr\/index.php\/wp-json\/wp\/v2\/users\/1"}],"replies":[{"embeddable":true,"href":"https:\/\/oguzhanoto.com.tr\/index.php\/wp-json\/wp\/v2\/comments?post=324"}],"version-history":[{"count":6,"href":"https:\/\/oguzhanoto.com.tr\/index.php\/wp-json\/wp\/v2\/pages\/324\/revisions"}],"predecessor-version":[{"id":596,"href":"https:\/\/oguzhanoto.com.tr\/index.php\/wp-json\/wp\/v2\/pages\/324\/revisions\/596"}],"wp:attachment":[{"href":"https:\/\/oguzhanoto.com.tr\/index.php\/wp-json\/wp\/v2\/media?parent=324"}],"curies":[{"name":"wp","href":"https:\/\/api.w.org\/{rel}","templated":true}]}}